{"id":782,"date":"2025-02-03T22:49:37","date_gmt":"2025-02-03T22:49:37","guid":{"rendered":"https:\/\/www.itp.com.co\/?page_id=782"},"modified":"2025-02-06T21:23:10","modified_gmt":"2025-02-06T21:23:10","slug":"nosotros","status":"publish","type":"page","link":"https:\/\/www.itp.com.co\/?page_id=782","title":{"rendered":"Nosotros"},"content":{"rendered":"\t\t<div data-elementor-type=\"wp-page\" data-elementor-id=\"782\" class=\"elementor elementor-782\">\n\t\t\t\t\t\t<section class=\"elementor-section elementor-top-section elementor-element elementor-element-2522af58 elementor-section-boxed elementor-section-height-default elementor-section-height-default wpr-particle-no wpr-jarallax-no wpr-parallax-no wpr-sticky-section-no wpr-column-slider-no wpr-equal-height-no\" data-id=\"2522af58\" data-element_type=\"section\" data-e-type=\"section\">\n\t\t\t\t\t\t<div class=\"elementor-container elementor-column-gap-wide\">\n\t\t\t\t\t<div class=\"elementor-column elementor-col-50 elementor-top-column elementor-element elementor-element-74aaf1fb elementor-invisible\" data-id=\"74aaf1fb\" data-element_type=\"column\" data-e-type=\"column\" data-settings=\"{&quot;animation&quot;:&quot;slideInLeft&quot;}\">\n\t\t\t<div class=\"elementor-widget-wrap elementor-element-populated\">\n\t\t\t\t\t\t<div class=\"elementor-element elementor-element-3baf1b1 elementor-widget elementor-widget-heading\" data-id=\"3baf1b1\" data-element_type=\"widget\" data-e-type=\"widget\" data-widget_type=\"heading.default\">\n\t\t\t\t<div class=\"elementor-widget-container\">\n\t\t\t\t\t<h2 class=\"elementor-heading-title elementor-size-default\">\u00bfQu\u00e9nes Somos?<\/h2>\t\t\t\t<\/div>\n\t\t\t\t<\/div>\n\t\t\t\t<div class=\"elementor-element elementor-element-304ad4a7 elementor-widget elementor-widget-text-editor\" data-id=\"304ad4a7\" data-element_type=\"widget\" data-e-type=\"widget\" data-widget_type=\"text-editor.default\">\n\t\t\t\t<div class=\"elementor-widget-container\">\n\t\t\t\t\t\t\t\t\t<p><strong>El ITP es una instituci\u00f3n internacional acreditada por la IADC y la IWCF<\/strong> para la <strong>capacitaci\u00f3n del sector hidrocarburos,<\/strong> con desarrollo de programas t\u00e9cnicos enfocados en la educaci\u00f3n para el trabajo y desarrollo humano. Con criterio \u00e9tico, moral y profesional, para impartir programas de formaci\u00f3n debidamente aprobados, que cumplan con las necesidades del sector productivo.<\/p><p><strong>Con m\u00e1s de 20 a\u00f1os de experiencia <\/strong>en el mercado como instituci\u00f3n, el ITP es pionera en la formaci\u00f3n en el \u00e1rea petrolera para la industria. Contamos con un grupo de trabajo humano de excelencia, que hacen posible el mejoramiento de la calidad de los servicios a nuestros clientes.<\/p>\t\t\t\t\t\t\t\t<\/div>\n\t\t\t\t<\/div>\n\t\t\t\t\t<\/div>\n\t\t<\/div>\n\t\t\t\t<div class=\"elementor-column elementor-col-50 elementor-top-column elementor-element elementor-element-4bd0e029 elementor-invisible\" data-id=\"4bd0e029\" data-element_type=\"column\" data-e-type=\"column\" data-settings=\"{&quot;animation&quot;:&quot;slideInRight&quot;}\">\n\t\t\t<div class=\"elementor-widget-wrap elementor-element-populated\">\n\t\t\t\t\t\t<div class=\"elementor-element elementor-element-59cafeaa elementor-widget elementor-widget-image\" data-id=\"59cafeaa\" data-element_type=\"widget\" data-e-type=\"widget\" data-widget_type=\"image.default\">\n\t\t\t\t<div class=\"elementor-widget-container\">\n\t\t\t\t\t\t\t\t\t\t\t\t\t\t\t<img fetchpriority=\"high\" decoding=\"async\" width=\"2295\" height=\"2295\" src=\"https:\/\/www.itp.com.co\/wp-content\/uploads\/2025\/02\/Contenido-ITP-2024-2-1.png\" class=\"attachment-full size-full wp-image-796\" alt=\"\" srcset=\"https:\/\/www.itp.com.co\/wp-content\/uploads\/2025\/02\/Contenido-ITP-2024-2-1.png 2295w, https:\/\/www.itp.com.co\/wp-content\/uploads\/2025\/02\/Contenido-ITP-2024-2-1-300x300.png 300w, https:\/\/www.itp.com.co\/wp-content\/uploads\/2025\/02\/Contenido-ITP-2024-2-1-1024x1024.png 1024w, https:\/\/www.itp.com.co\/wp-content\/uploads\/2025\/02\/Contenido-ITP-2024-2-1-150x150.png 150w, https:\/\/www.itp.com.co\/wp-content\/uploads\/2025\/02\/Contenido-ITP-2024-2-1-768x768.png 768w, https:\/\/www.itp.com.co\/wp-content\/uploads\/2025\/02\/Contenido-ITP-2024-2-1-1536x1536.png 1536w, https:\/\/www.itp.com.co\/wp-content\/uploads\/2025\/02\/Contenido-ITP-2024-2-1-2048x2048.png 2048w\" sizes=\"(max-width: 2295px) 100vw, 2295px\" \/>\t\t\t\t\t\t\t\t\t\t\t\t\t\t\t<\/div>\n\t\t\t\t<\/div>\n\t\t\t\t\t<\/div>\n\t\t<\/div>\n\t\t\t\t\t<\/div>\n\t\t<\/section>\n\t\t<div class=\"elementor-element elementor-element-2a740dd e-con-full e-flex wpr-particle-no wpr-jarallax-no wpr-parallax-no wpr-sticky-section-no wpr-column-slider-no wpr-equal-height-no e-con e-parent\" data-id=\"2a740dd\" data-element_type=\"container\" data-e-type=\"container\">\n\t\t\t\t<div class=\"elementor-element elementor-element-eb680da elementor-arrows-position-inside elementor-pagination-position-outside elementor-widget elementor-widget-image-carousel\" data-id=\"eb680da\" data-element_type=\"widget\" data-e-type=\"widget\" data-settings=\"{&quot;slides_to_show&quot;:&quot;2&quot;,&quot;image_spacing_custom&quot;:{&quot;unit&quot;:&quot;px&quot;,&quot;size&quot;:6,&quot;sizes&quot;:[]},&quot;slides_to_scroll&quot;:&quot;2&quot;,&quot;navigation&quot;:&quot;both&quot;,&quot;autoplay&quot;:&quot;yes&quot;,&quot;pause_on_hover&quot;:&quot;yes&quot;,&quot;pause_on_interaction&quot;:&quot;yes&quot;,&quot;autoplay_speed&quot;:5000,&quot;infinite&quot;:&quot;yes&quot;,&quot;speed&quot;:500,&quot;image_spacing_custom_laptop&quot;:{&quot;unit&quot;:&quot;px&quot;,&quot;size&quot;:&quot;&quot;,&quot;sizes&quot;:[]},&quot;image_spacing_custom_tablet&quot;:{&quot;unit&quot;:&quot;px&quot;,&quot;size&quot;:&quot;&quot;,&quot;sizes&quot;:[]},&quot;image_spacing_custom_mobile&quot;:{&quot;unit&quot;:&quot;px&quot;,&quot;size&quot;:&quot;&quot;,&quot;sizes&quot;:[]}}\" data-widget_type=\"image-carousel.default\">\n\t\t\t\t<div class=\"elementor-widget-container\">\n\t\t\t\t\t\t\t<div class=\"elementor-image-carousel-wrapper swiper\" role=\"region\" aria-roledescription=\"carousel\" aria-label=\"Carrusel de im\u00e1genes\" dir=\"ltr\">\n\t\t\t<div class=\"elementor-image-carousel swiper-wrapper\" aria-live=\"off\">\n\t\t\t\t\t\t\t\t<div class=\"swiper-slide\" role=\"group\" aria-roledescription=\"slide\" aria-label=\"1 of 7\"><figure class=\"swiper-slide-inner\"><img decoding=\"async\" class=\"swiper-slide-image\" src=\"https:\/\/www.itp.com.co\/wp-content\/uploads\/2025\/02\/WhatsApp-Image-2024-06-24-at-9.48.27-AM.jpeg\" alt=\"WhatsApp Image 2024-06-24 at 9.48.27 AM\" \/><\/figure><\/div><div class=\"swiper-slide\" role=\"group\" aria-roledescription=\"slide\" aria-label=\"2 of 7\"><figure class=\"swiper-slide-inner\"><img decoding=\"async\" class=\"swiper-slide-image\" src=\"https:\/\/www.itp.com.co\/wp-content\/uploads\/2025\/02\/WhatsApp-Image-2024-06-24-at-9.48.28-AM-1.jpeg\" alt=\"WhatsApp Image 2024-06-24 at 9.48.28 AM (1)\" \/><\/figure><\/div><div class=\"swiper-slide\" role=\"group\" aria-roledescription=\"slide\" aria-label=\"3 of 7\"><figure class=\"swiper-slide-inner\"><img decoding=\"async\" class=\"swiper-slide-image\" src=\"https:\/\/www.itp.com.co\/wp-content\/uploads\/2025\/02\/WhatsApp-Image-2024-06-24-at-9.48.30-AM-1.jpeg\" alt=\"WhatsApp Image 2024-06-24 at 9.48.30 AM (1)\" \/><\/figure><\/div><div class=\"swiper-slide\" role=\"group\" aria-roledescription=\"slide\" aria-label=\"4 of 7\"><figure class=\"swiper-slide-inner\"><img decoding=\"async\" class=\"swiper-slide-image\" src=\"https:\/\/www.itp.com.co\/wp-content\/uploads\/2025\/02\/WhatsApp-Image-2024-06-24-at-9.45.10-AM-1.jpeg\" alt=\"WhatsApp Image 2024-06-24 at 9.45.10 AM (1)\" \/><\/figure><\/div><div class=\"swiper-slide\" role=\"group\" aria-roledescription=\"slide\" aria-label=\"5 of 7\"><figure class=\"swiper-slide-inner\"><img decoding=\"async\" class=\"swiper-slide-image\" src=\"https:\/\/www.itp.com.co\/wp-content\/uploads\/2025\/02\/WhatsApp-Image-2024-06-24-at-9.45.12-AM.jpeg\" alt=\"WhatsApp Image 2024-06-24 at 9.45.12 AM\" \/><\/figure><\/div><div class=\"swiper-slide\" role=\"group\" aria-roledescription=\"slide\" aria-label=\"6 of 7\"><figure class=\"swiper-slide-inner\"><img decoding=\"async\" class=\"swiper-slide-image\" src=\"https:\/\/www.itp.com.co\/wp-content\/uploads\/2025\/02\/WhatsApp-Image-2024-06-24-at-9.45.23-AM.jpeg\" alt=\"WhatsApp Image 2024-06-24 at 9.45.23 AM\" \/><\/figure><\/div><div class=\"swiper-slide\" role=\"group\" aria-roledescription=\"slide\" aria-label=\"7 of 7\"><figure class=\"swiper-slide-inner\"><img decoding=\"async\" class=\"swiper-slide-image\" src=\"https:\/\/www.itp.com.co\/wp-content\/uploads\/2025\/02\/WhatsApp-Image-2024-06-24-at-9.48.30-AM.jpeg\" alt=\"WhatsApp Image 2024-06-24 at 9.48.30 AM\" \/><\/figure><\/div>\t\t\t<\/div>\n\t\t\t\t\t\t\t\t\t\t\t\t<div class=\"elementor-swiper-button elementor-swiper-button-prev\" role=\"button\" tabindex=\"0\">\n\t\t\t\t\t\t<svg aria-hidden=\"true\" class=\"e-font-icon-svg e-eicon-chevron-left\" viewBox=\"0 0 1000 1000\" xmlns=\"http:\/\/www.w3.org\/2000\/svg\"><path d=\"M646 125C629 125 613 133 604 142L308 442C296 454 292 471 292 487 292 504 296 521 308 533L604 854C617 867 629 875 646 875 663 875 679 871 692 858 704 846 713 829 713 812 713 796 708 779 692 767L438 487 692 225C700 217 708 204 708 187 708 171 704 154 692 142 675 129 663 125 646 125Z\"><\/path><\/svg>\t\t\t\t\t<\/div>\n\t\t\t\t\t<div class=\"elementor-swiper-button elementor-swiper-button-next\" role=\"button\" tabindex=\"0\">\n\t\t\t\t\t\t<svg aria-hidden=\"true\" class=\"e-font-icon-svg e-eicon-chevron-right\" viewBox=\"0 0 1000 1000\" xmlns=\"http:\/\/www.w3.org\/2000\/svg\"><path d=\"M696 533C708 521 713 504 713 487 713 471 708 454 696 446L400 146C388 133 375 125 354 125 338 125 325 129 313 142 300 154 292 171 292 187 292 204 296 221 308 233L563 492 304 771C292 783 288 800 288 817 288 833 296 850 308 863 321 871 338 875 354 875 371 875 388 867 400 854L696 533Z\"><\/path><\/svg>\t\t\t\t\t<\/div>\n\t\t\t\t\n\t\t\t\t\t\t\t\t\t<div class=\"swiper-pagination\"><\/div>\n\t\t\t\t\t\t\t\t\t<\/div>\n\t\t\t\t\t\t<\/div>\n\t\t\t\t<\/div>\n\t\t\t\t<div class=\"elementor-element elementor-element-56e88f4 elementor-widget elementor-widget-spacer\" data-id=\"56e88f4\" data-element_type=\"widget\" data-e-type=\"widget\" data-widget_type=\"spacer.default\">\n\t\t\t\t<div class=\"elementor-widget-container\">\n\t\t\t\t\t\t\t<div class=\"elementor-spacer\">\n\t\t\t<div class=\"elementor-spacer-inner\"><\/div>\n\t\t<\/div>\n\t\t\t\t\t\t<\/div>\n\t\t\t\t<\/div>\n\t\t\t\t<\/div>\n\t\t<div class=\"elementor-element elementor-element-ae23f8c e-flex e-con-boxed wpr-particle-no wpr-jarallax-no wpr-parallax-no wpr-sticky-section-no wpr-column-slider-no wpr-equal-height-no e-con e-parent\" data-id=\"ae23f8c\" data-element_type=\"container\" data-e-type=\"container\">\n\t\t\t\t\t<div class=\"e-con-inner\">\n\t\t\t\t<div class=\"elementor-element elementor-element-dd19d30 elementor-widget elementor-widget-video\" data-id=\"dd19d30\" data-element_type=\"widget\" data-e-type=\"widget\" data-settings=\"{&quot;youtube_url&quot;:&quot;https:\\\/\\\/youtu.be\\\/CPxPREgTvDs?si=_V87zXGw-I6bGpXP&quot;,&quot;autoplay&quot;:&quot;yes&quot;,&quot;loop&quot;:&quot;yes&quot;,&quot;video_type&quot;:&quot;youtube&quot;,&quot;controls&quot;:&quot;yes&quot;}\" data-widget_type=\"video.default\">\n\t\t\t\t<div class=\"elementor-widget-container\">\n\t\t\t\t\t\t\t<div class=\"elementor-wrapper elementor-open-inline\">\n\t\t\t<div class=\"elementor-video\"><\/div>\t\t<\/div>\n\t\t\t\t\t\t<\/div>\n\t\t\t\t<\/div>\n\t\t\t\t\t<\/div>\n\t\t\t\t<\/div>\n\t\t\t\t<\/div>\n\t\t","protected":false},"excerpt":{"rendered":"<p>\u00bfQu\u00e9nes Somos? El ITP es una instituci\u00f3n internacional acreditada por la IADC y la IWCF para la capacitaci\u00f3n del sector hidrocarburos, con desarrollo de programas t\u00e9cnicos enfocados en la educaci\u00f3n para el trabajo y desarrollo humano. Con criterio \u00e9tico, moral y profesional, para impartir programas de formaci\u00f3n debidamente aprobados, que cumplan con las necesidades del sector productivo. Con m\u00e1s de 20 a\u00f1os de experiencia en el mercado como instituci\u00f3n, el ITP es pionera en la formaci\u00f3n en el \u00e1rea petrolera para la industria. Contamos con un grupo de trabajo humano de excelencia, que hacen posible el mejoramiento de la calidad de los servicios a nuestros clientes.<\/p>\n","protected":false},"author":1,"featured_media":0,"parent":0,"menu_order":0,"comment_status":"closed","ping_status":"closed","template":"","meta":{"footnotes":""},"class_list":["post-782","page","type-page","status-publish","hentry"],"_links":{"self":[{"href":"https:\/\/www.itp.com.co\/index.php?rest_route=\/wp\/v2\/pages\/782","targetHints":{"allow":["GET"]}}],"collection":[{"href":"https:\/\/www.itp.com.co\/index.php?rest_route=\/wp\/v2\/pages"}],"about":[{"href":"https:\/\/www.itp.com.co\/index.php?rest_route=\/wp\/v2\/types\/page"}],"author":[{"embeddable":true,"href":"https:\/\/www.itp.com.co\/index.php?rest_route=\/wp\/v2\/users\/1"}],"replies":[{"embeddable":true,"href":"https:\/\/www.itp.com.co\/index.php?rest_route=%2Fwp%2Fv2%2Fcomments&post=782"}],"version-history":[{"count":109,"href":"https:\/\/www.itp.com.co\/index.php?rest_route=\/wp\/v2\/pages\/782\/revisions"}],"predecessor-version":[{"id":1070,"href":"https:\/\/www.itp.com.co\/index.php?rest_route=\/wp\/v2\/pages\/782\/revisions\/1070"}],"wp:attachment":[{"href":"https:\/\/www.itp.com.co\/index.php?rest_route=%2Fwp%2Fv2%2Fmedia&parent=782"}],"curies":[{"name":"wp","href":"https:\/\/api.w.org\/{rel}","templated":true}]}}